of 102078888?
7
What is the ten thousands digit of 80972190?
7
What is the hundreds digit of 1086648348?
3
What is the hundred millions digit of 707160638?
7
What is the ten millions digit of 391945269?
9
What is the hundreds digit of 28518120?
1
What is the hundreds digit of 86734235?
2
What is the hundreds digit of 775381920?
9
What is the units digit of 38228269?
9
What is the ten millions digit of 48085640?
4
What is the hundreds digit of 730432956?
9
What is the tens digit of 21353733?
3
What is the hundred thousands digit of 67683833?
6
What is the hundreds digit of 816097131?
1
What is the thousands digit of 87253896?
3
What is the hundreds digit of 109290649?
6
What is the tens digit of 1277950755?
5
What is the hundreds digit of 1313743255?
2
What is the hundred thousands digit of 1105375434?
3
What is the ten millions digit of 2569267310?
6
What is the hundred thousands digit of 43211584?
2
What is the units digit of 214355731?
1
What is the ten millions digit of 3576856807?
7
What is the ten thousands digit of 94519598?
1
What is the thousands digit of 99057255?
7
What is the thousands digit of 129396861?
6
What is the thousands digit of 1151256646?
6
What is the millions digit of 502215550?
2
What is the ten thousands digit of 16642772?
4
What is the millions digit of 8492095?
8
What is the millions digit of 67349844?
7
What is the hundred thousands digit of 1259542252?
5
What is the tens digit of 5282608271?
7
What is the hundred thousands digit of 180968892?
9
What is the thousands digit of 91260235?
0
What is the hundreds digit of 5274364150?
1
What is the ten thousands digit of 91828536?
2
What is the thousands digit of 39994015?
4
What is the ten millions digit of 22664308?
2
What is the hundred thousands digit of 402464487?
4
What is the tens digit of 842545258?
5
What is the ten millions digit of 109224766?
0
What is the hundred thousands digit of 1515919061?
9
What is the hundred thousands digit of 3524967?
5
What is the millions digit of 104269436?
4
What is the hundred millions digit of 1963393191?
9
What is the ten millions digit of 82158098?
8
What is the tens digit of 5899856395?
9
What is the ten millions digit of 481960251?
8
What is the ten thousands digit of 847364880?
6
What is the ten thousands digit of 92791111?
9
What is the units digit of 85178585?
5
What is the hundreds digit of 24097208?
2
What is the ten millions digit of 515319501?
1
What is the hundreds digit of 28578937?
9
What is the thousands digit of 401665865?
5
What is the ten millions digit of 1934290456?
3
What is the thousands digit of 81632391?
2
What is the units digit of 188418781?
1
What is the ten millions digit of 682098075?
8
What is the thousands digit of 46192811?
2
What is the ten thousands digit of 747146?
4
What is the hundreds digit of 59253704?
7
What is the hundreds digit of 880415471?
4
What is the thousands digit of 2487243556?
3
What is the hundred thousands digit of 78436918?
4
What is the ten thousands digit of 360523180?
2
What is the thousands digit of 215575484?
5
What is the millions digit of 1467255277?
7
What is the thousands digit of 508876019?
6
What is the ten millions digit of 37270753?
3
What is the hundred thousands digit of 50839955?
8
What is the hundreds digit of 477769606?
6
What is the hundred thousands digit of 868508014?
5
What is the hundred millions digit of 292103413?
2
What is the tens digit of 179458875?
7
What is the millions digit of 1088655225?
8
What is the ten thousands digit of 247208393?
0
What is the units digit of 311952170?
0
What is the thousands digit of 1277996197?
6
What is the thousands digit of 1392851470?
1
What is the tens digit of 4871956105?
0
What is the hundreds digit of 3310766656?
6
What is the ten millions digit of 6368124501?
6
What is the tens digit of 38960409?
0
What is the tens digit of 272935565?
6
What is the hundreds digit of 76215360?
3
What is the hundreds digit of 249136826?
8
What is the ten thousands digit of 306894801?
9
What is the tens digit of 3967166331?
3
What is the millions digit of 581329080?
1
What is the millions digit of 671732699?
1
What is the millions digit of 82880291?
2
What is the thousands digit of 1788415163?
5
What is the tens digit of 24102495?
9
What is the tens digit of 290489875?
7
What is the hundreds digit of 331268256?
2
What is the billions digit of 1759537825?
1
What is the hundreds digit of 301682147?
1
What is the tens digit of 19110159?
5
What is the tens digit of 41386960?
6
What is the thousands digit of 3481691087?
1
What is the hundred thousands digit of 81134664?
1
What is the thousands digit of 301828131?
8
What is the hundreds digit of 774240554?
5
What is the hundred thousands digit of 2203564839?
5
What is the millions digit of 434268105?
4
What is the ten thousands digit of 70555043?
5
What is the hundred thousands digit of 224419976?
4
What is the hundred thousands digit of 12551470?
5
What is the hundred millions digit of 5166754541?
1
What is the thousands digit of 117158003?
8
What is the millions digit of 68210202?
8
What is the thousands digit of 427446418?
6
What is the millions digit of 838787822?
8
What is the tens digit of 288875814?
1
What is the thousands digit of 1216895492?
5
What is the ten millions digit of 135692613?
3
What is the hundreds digit of 1044184293?
2
What is the units digit of 681452914?
4
What is the thousands digit of 2129035611?
5
What is the tens digit of 38085287?
8
What is the hundreds digit of 3892382654?
6
What is the millions digit of 58490643?
8
What is the ten millions digit of 108430609?
0
What is the millions digit of 71364521?
1
What is the ten millions digit of 709052280?
0
What is the units digit of 81028677?
7
What is the thousands digit of 1892597287?
7
What is the tens digit of 141435071?
7
What is the hundred thousands digit of 25571011?
5
What is the tens digit of 604484837?
3
What is the ten millions digit of 1203627969?
0
What is the hundred thousands digit of 203240035?
2
What is the thousands digit of 2049001513?
1
What is the millions digit of 1415651592?
5
What is the hundred thousands digit of 41378363?
3
What is the billions digit of 2302958733?
2
What is the millions digit of 431137374?
1
What is the units digit of 2969430?
0
What is the ten millions digit of 3011221948?
1
What is the hundred millions digit of 226659689?
2
What is the hundred thousands digit of 107298275?
2
What is the hundreds digit of 102002202?
2
What is the hundred thousands digit of 24984528?
9
What is the hundred thousands digit of 113869903?
8
What is the ten thousands digit of 42603370?
0
What is the ten millions digit of 4009030795?
0
What is the tens digit of 18198705?
0
What is the hundreds digit of 52934274?
2
What is the hundreds digit of 3448354?
3
What is the billions digit of 1811591362?
1
What is the millions digit of 53907647?
3
What is the ten millions digit of 640827368?
4
What is the ten millions digit of 206053673?
0
What is the units digit of 700970247?
7
What is the units digit of 562544318?
8
What is the hundred thousands digit of 576371508?
3
What is the ten millions digit of 296366885?
9
What is the tens digit of 30949391?
9
What is the ten millions digit of 2755486600?
5
What is the units digit of 705543246?
6
What is the thousands digit of 177024319?
4
What is the hundred thousands digit of 148154015?
1
What is the millions digit of 774731419?
4
What is the ten thousands digit of 171641362?
4
What is the hundreds digit of 244204373?
3
What is the hundreds digit of 51369628?
6
What is the ten thousands digit of 71068786?
6
What is the ten millions digit of 91849645?
9
What is the hundreds digit of 21837230?
2
What is the hundreds digit of 58656100?
1
What is the millions digit of 45459054?
5
What is the hundred thousands digit of 390325088?
3
What is the units digit of 143186628?
8
What is the tens digit of 484990738?
3
What is the hundred thousands digit of 36321092?
3
What is the hundred thousands digit of 3763598784?
5
What is the millions digit of 244881035?
4
What is the thousands digit of 242930768?
0
What is the ten thousands digit of 104425504?
2
What is the hundred thousands digit of 485241925?
2
What is the ten millions digit of 57894918?
5
What is the unit